?
True
Does 665 divide 267995?
True
Is 345228 a multiple of 26?
True
Is 173 a factor of 314341?
True
Is 767460 a multiple of 127?
False
Is 23556 a multiple of 99?
False
Is 6057783 a multiple of 47?
True
Does 7 divide 7443?
False
Does 7 divide 128182?
False
Does 9 divide 240818?
False
Is 3 a factor of 3201378?
True
Does 5 divide 3811830?
True
Is 22 a factor of 224077?
False
Does 348 divide 111942?
False
Does 12 divide 4825189?
False
Does 25 divide 59199?
False
Does 61 divide 98411?
False
Is 93 a factor of 218736?
True
Is 143 a factor of 6788639?
True
Does 11 divide 257819?
False
Is 8236176 a multiple of 197?
True
Does 63 divide 660838?
False
Does 109 divide 153799?
True
Does 194 divide 648250?
False
Does 66 divide 579150?
True
Is 21 a factor of 31899?
True
Is 168 a factor of 327096?
True
Is 64867 a multiple of 105?
False
Is 45 a factor of 331020?
True
Is 144 a factor of 12327?
False
Does 3 divide 8484?
True
Is 141 a factor of 108414?
False
Is 14 a factor of 118675?
False
Is 2375 a factor of 27618172?
False
Is 1357914 a multiple of 376?
False
Does 55 divide 762465?
True
Is 5 a factor of 24850?
True
Does 8 divide 3318888?
True
Does 15 divide 27810?
True
Is 406239 a multiple of 19?
True
Is 335 a factor of 376466?
False
Does 177 divide 7516836?
True
Is 163922 a multiple of 9?
False
Is 230 a factor of 53444?
False
Is 6 a factor of 16686?
True
Is 37 a factor of 76553?
True
Is 30582 a multiple of 149?
False
Is 460095 a multiple of 709?
False
Does 50 divide 1221800?
True
Is 2145 a multiple of 12?
False
Is 971018 a multiple of 2?
True
Is 244602 a multiple of 11?
False
Does 34 divide 96662?
True
Is 1197170 a multiple of 26?
True
Is 125440 a multiple of 16?
True
Is 552 a factor of 2321697?
False
Is 2180335 a multiple of 113?
True
Is 207185 a multiple of 22?
False
Is 7392 a multiple of 88?
True
Is 1343625 a multiple of 25?
True
Does 19 divide 971945?
True
Does 46 divide 7015169?
False
Is 58097 a multiple of 223?
False
Is 10534375 a multiple of 125?
True
Is 13 a factor of 308534?
False
Does 24 divide 134544?
True
Is 1383 a factor of 13325205?
True
Is 915 a factor of 15959430?
True
Is 562880 a multiple of 32?
True
Is 109 a factor of 161974?
True
Is 2823154 a multiple of 123?
False
Does 474 divide 790632?
True
Is 12 a factor of 1580299?
False
Does 268 divide 6432950?
False
Is 722371 a multiple of 13?
True
Is 151 a factor of 157824?
False
Is 129227 a multiple of 51?
False
Is 267935 a multiple of 28?
False
Is 13614 a multiple of 22?
False
Is 81454 a multiple of 15?
False
Is 181366 a multiple of 371?
False
Is 127 a factor of 663025?
False
Is 10 a factor of 2778491?
False
Is 2 a factor of 6720?
True
Does 14 divide 1334228?
True
Is 88690 a multiple of 121?
False
Is 24042515 a multiple of 188?
False
Does 1154 divide 7183583?
False
Does 46 divide 1392637?
False
Is 27 a factor of 7139257?
False
Is 22 a factor of 4347288?
True
Is 429942 a multiple of 1641?
True
Is 21 a factor of 236523?
True
Does 111 divide 6611604?
True
Is 96 a factor of 292896?
True
Is 16784 a multiple of 3?
False
Is 44 a factor of 34323186?
False
Is 60 a factor of 366392?
False
Is 141459 a multiple of 61?
True
Is 4854937 a multiple of 19?
True
Does 66 divide 5826348?
True
Is 21 a factor of 10276938?
True
Is 235 a factor of 20410455?
True
Is 180 a factor of 898206?
False
Does 16 divide 582480?
True
Does 544 divide 4747488?
True
Does 97 divide 646647?
False
Is 256 a factor of 9237971?
False
Does 18 divide 2123378?
False
Is 653377 a multiple of 14?
False
Is 30 a factor of 3410730?
True
Is 1500380 a multiple of 190?
False
Is 4 a factor of 11425?
False
Does 43 divide 1219093?
True
Does 102 divide 2413937?
False
Does 58 divide 130227?
False
Does 33 divide 1224699?
False
Is 15010 even?
True
Is 1487 a factor of 3787389?
True
Does 18 divide 67086?
True
Is 523569 a multiple of 426?
False
Is 8 a factor of 14602?
False
Is 5 a factor of 171835?
True
Is 5368395 a multiple of 265?
False
Is 50498 a multiple of 5?
False
Does 73 divide 671652?
False
Does 8 divide 576562?
False
Is 9 a factor of 2659761?
True
Does 553 divide 2588823?
False
Does 253 divide 1451208?
True
Is 270 a factor of 76950?
True
Does 720 divide 4777?
False
Is 82446 a multiple of 273?
True
Does 59 divide 115505?
False
Is 12 a factor of 12928?
False
Does 15 divide 1704767?
False
Is 832358 a multiple of 51?
False
Does 431 divide 1768679?
False
Is 9268162 a multiple of 19?
True
Is 4 a factor of 1134395?
False
Is 352 a factor of 867680?
True
Is 3 a factor of 126679?
False
Is 2 a factor of 238811?
False
Does 153 divide 133110?
True
Is 211650 a multiple of 10?
True
Is 13 a factor of 4995561?
False
Is 39 a factor of 5238636?
True
Is 593604 a multiple of 290?
False
Is 356069 a multiple of 137?
False
Is 11 a factor of 3960143?
True
Is 83 a factor of 1587458?
True
Does 8 divide 5064024?
True
Is 513705 a multiple of 30?
False
Does 81 divide 4451031?
True
Is 2559712 a multiple of 164?
True
Does 240 divide 16150333?
False
Is 5944280 a multiple of 20?
True
Is 64 a factor of 29489?
False
Is 2023667 a multiple of 14?
False
Does 31 divide 5691740?
False
Does 303 divide 40936?
False
Is 39 a factor of 456144?
True
Is 4218988 a multiple of 817?
True
Does 730 divide 511898?
False
Is 38 a factor of 9181218?
True
Is 542015 a multiple of 113?
False
Is 94 a factor of 2629180?
True
Does 16 divide 1110448?
True
Does 77 divide 262878?
True
Is 5647923 a multiple of 22?
False
Is 16 a factor of 1587122?
False
Is 273008 a multiple of 113?
True
Is 270000 a multiple of 10?
True
Does 14 divide 1542437?
False
Does 8 divide 5991941?
False
Is 29393 a multiple of 119?
True
Is 10466237 a multiple of 17?
True
Does 118 divide 554514?
False
Is 43 a factor of 4011814?
True
Does 676 divide 867401?
False
Is 49 a factor of 222950?
True
Is 101566 a multiple of 10?
False
Is 490 a factor of 79380?
True
Is 19 a factor of 495938?
True
Is 49 a factor of 3622477?
False
Does 326 divide 333875?
False
Is 26 a factor of 1229363?
False
Is 9817134 a multiple of 444?
False
Is 73 a factor of 3210?
False
Is 506801 a multiple of 47?
True
Is 163 a factor of 354?
False
Does 3 divide 504325?
False
Is 22 a factor of 2663605?
False
Is 500382 a multiple of 518?
False
Is 17565391 a multiple of 1293?
False
Is 23 a factor of 16231586?
False
Does 24 divide 2802168?
True
Is 9396069 a multiple of 98?
False
Does 28 divide 47096?
True
Does 18 divide 813798?
True
Does 259 divide 213934?
True
Does 8 divide 55762?
False
Is 247488 a multiple of 3?
True
Does 13 divide 12688?
True
Does 10 divide 1077110?
True
Is 44 a factor of 2099416?
True
Is 417 a factor of 242694?
True
Is 2271173 a multiple of 839?
True
Does 12 divide 401458?
False
Does 4 divide 178783?
False
Does 24 divide 6145?
False
Does 28 divide 72522?
False
Is 107 a factor of 925408?
False
Is 22 a factor of 757127?
False
Is 97308 a multiple of 27?
True
Is 6 a factor of 1077264?
True
Does 18 divide 261354?
False
Is 2587287 a multiple of 24?
False
Does 24 divide 2914752?
True
Is 39 a factor of 8509761?
True
Is 624814 a multiple of 194?
False
Is 98266 a multiple of 14?
True
Is 485016 a multiple of 12?
True
Does 40 divide 168541?
False
Does 9 divide 12659207?
False
Is 215917 a multiple of 13?
True
Is 563125 a multiple of 263?
False
Is 4 a factor of 193998?
False
Does 518 divide 195804?
True
Is 26 a factor of 1985017?
False
Is 41 a factor of 78260?
False
Does 208 divide 10274?
False
Is 600151 a multiple of 30?
False
Does 217 divide 72805?
False
Does 27 divide 4776?
False
Does 7 divide 1165717?
True
Is 24 a factor of 104256?
True
Is 320 a factor of 89600?
True
Is 4 a factor of 8700?
True
Is 436823 a multiple of 103?
True
Is 173 a factor of 123767?
False
Does 24 divide 30432?
True
Does 147 divide 14370729?
False
Is 24 a factor of 378820?
False
Is 13 a factor of 2517718?
False
Is 363332 a multiple of 617?
False
Is 59 a factor of 1942693?
True
Is 552535 a multiple of 103?
False
Is 2035625 a multiple of 25?
True
Does 111 divide 345987?
True
Is 2581240 a multiple of 470?
True
Does 145 divide 259273?
False
Does 2475 divide 18319950?
True
Is 169 a factor of 125193?
False
Is 103986 a multiple of 159?
True
Does 62 divide 422523?
False
Is 469439 a multiple of 84?
False
Does 76 divide 162158?
False
Does 375 divide 56242?
False
Is 20 a factor of 330440?
True
Does 65 divide 1510990?
Tr